= f. What is the remainder when o is divided by 30?
27
Suppose 0 = -67*u + 88*u - 966. What is the remainder when 127 is divided by u?
35
Let p(d) = 98*d - 276. Calculate the remainder when p(3) is divided by 4.
2
Let x(m) = -5*m - 3. Let g(v) = v**3 - 40*v**2 + 56*v - 644. What is the remainder when g(39) is divided by x(-2)?
5
Let t be 0 - (3 + 10*(-1)/2). What is the remainder when 22 is divided by 84/18 - t/(-6)?
2
Suppose 7*x - 16*x = -5022. Calculate the remainder when x is divided by 80.
78
Calculate the remainder when 142/5 + (-4)/10 is divided by 11.
6
Suppose -h - 2*h + 128 = -l, -45 = -h - 2*l. Suppose -4*d + 49 = -h. Suppose k - 3 = 3*a, 4*a - 10 = -3*k + 12. Calculate the remainder when d is divided by k.
5
Let q = 0 - -57. Suppose -q = -11*p + 8*p. What is the remainder when 35 is divided by p?
16
Let b = 3 - -6. Let o(d) be the second derivative of d**3/2 - 11*d**2/2 + 3*d. What is the remainder when 45 is divided by o(b)?
13
Suppose -51 = 32*f - 35*f. Calculate the remainder when 339 is divided by f.
16
Let x(m) = -m**2 - 19*m - 18. Let v be x(-18). Suppose v = 5*d + b + b - 235, 5*b = -3*d + 160. What is the remainder when d is divided by 12?
9
Suppose 10*s = -21*s + 6510. What is the remainder when s is divided by 53?
51
Let k(p) = p**3 + 3*p**2 - p + 4. Let o be k(-3). What is the remainder when 69 is divided by ((12/o)/((-1)/(-7)))/1?
9
Let r = 636 - 149. Calculate the remainder when r is divided by 19.
12
Suppose -7*h = -144 - 17. Let x = -21 - -30. Calculate the remainder when h is divided by x.
5
Suppose 465 = -20*s + 25*s + 4*n, 2*s = -5*n + 203. What is the remainder when s is divided by 9?
8
Let b = 3124 + -3104. Calculate the remainder when 309 is divided by b.
9
Suppose 0 = -581*d + 573*d + 992. What is the remainder when 617 is divided by d?
121
Let m = 652 - 593. What is the remainder when m is divided by 15?
14
Let a be 2/(-3) - 32/(-12). Let g be 4 + (-328)/(-4) - 5. Suppose 0*j - 4*j = 5*u - g, -4*u + a*j = -44. What is the remainder when 62 is divided by u?
10
Suppose -7842 = -44*a - 2430. Calculate the remainder when a is divided by 30.
3
Let g = 25 - 23. Suppose -5*r + 0*r = 5*u - 290, g*r - 8 = 0. Calculate the remainder when u is divided by 14.
12
Let s(j) = -8*j**2 + 5*j - 7. Let l be s(2). Let b = 12 - l. Calculate the remainder when b is divided by 21.
20
Let f(m) = m**3 + 6*m**2 - 2*m - 4. Let y = 2786 + -2768. What is the remainder when f(-5) is divided by y?
13
Suppose -5*t - 3*v + 4 = -11, 0 = -5*t - 2*v + 10. Suppose t = 4*u + 2*q - 181 + 19, -4*q = -4*u + 192. What is the remainder when u is divided by 15?
13
Let f = 13 + -3. Let j(d) = -d + 16. Let c be j(f). What is the remainder when 212/6 - 2/c is divided by 18?
17
Suppose 2*k = -a + 4, -6 = -2*k - 4*a - 2. Suppose -6*o = -k*o - 76. Let s(u) = 4*u - 3. What is the remainder when o is divided by s(2)?
4
Let q(j) = -j**3 + 5*j**2 - 4*j + 8. Let y be q(4). Suppose 3*x - 4*w = 70, -3*w = -4*x - y*w + 52. What is the remainder when 65 is divided by x?
11
Suppose 580*s + 266 = 587*s. What is the remainder when s is divided by 13?
12
Suppose -2*n = -4*x + 8, x + 4*x - 36 = -4*n. Suppose n*o - 5*p - 35 = 0, 5*o + 5*p - 85 = o. What is the remainder when 27 is divided by o?
12
Let k = -6 + 10. Suppose -k*r + 49 = -27. What is the remainder when 3900/70 + 6/21 is divided by r?
18
Let h(j) = -j**2 + 43*j - 198. What is the remainder when 306 is divided by h(37)?
18
Suppose -122*s = -93*s - 25085. What is the remainder when s is divided by 28?
25
Let o be (30/12)/(1/2). Suppose o*h = 3*b + 1062, -424 = -3*h + h + 2*b. Calculate the remainder when h is divided by 54.
51
Suppose 4*j = 2*x - 2, 5*x = -2*j - 0*j + 29. Suppose -x*d = -10*d + 420. Suppose 3*w + w = d. Calculate the remainder when w is divided by 12.
9
Suppose z = -4*s + 3426, 0 = -s - 5*z + 7*z + 861. What is the remainder when s is divided by 20?
17
Suppose y = -0*g - 5*g + 373, 2*g + 2*y = 146. Suppose 8*a = -3*q + 3*a + 79, 3*a - g = -3*q. What is the remainder when 90 is divided by q?
21
Let q(x) = -16*x - 60. Calculate the remainder when 131 is divided by q(-4).
3
Let q(j) = -6*j + 150. Calculate the remainder when q(21) is divided by 7.
3
Let c(l) = -8*l - 14. Let h(p) = -p**3 + 5*p**2 + 2*p + 8. Calculate the remainder when c(-8) is divided by h(5).
14
Let o = 89 + -134. Calculate the remainder when (o/(-12))/(-5) - (-297)/12 is divided by 14.
10
Let s(h) = 2*h**2 + 46*h + 21. What is the remainder when 123 is divided by s(-23)?
18
Suppose -4*r = -22 + 2. Let d = -863 - -887. Calculate the remainder when d is divided by r.
4
Suppose 2*h + 2*h + s = 36, 0 = -3*h + s + 27. Let l = 50 - 46. Suppose -2*n + 30 = 8*j - l*j, -n + h = -j. Calculate the remainder when 20 is divided by n.
9
Let q = 62 - 34. Suppose 5*y + q = 5*t + 78, y = 4*t - 2. Calculate the remainder when (477/(-3))/(-1 - 2) is divided by y.
11
Let g(a) = a**3 + 2*a**2 - 5*a - 4. Let h(m) = -m - 1. Let c be h(-4). What is the remainder when 153 is divided by g(c)?
23
Suppose 21*k - 2112 + 306 = 0. What is the remainder when k is divided by 44?
42
Let s be 10/3*540/(-75). Calculate the remainder when 18/s + (-662)/(-8) is divided by 14.
12
Suppose 6*k - 4*k - 24 = 2*s, -5*s = -2*k + 21. Suppose 0 = o - 2 - k. Suppose 0 = -5*u - o, 2*g - 6 = 2*u + 8. Calculate the remainder when g is divided by 3.
1
Let a(o) = o**3 - o**2 - 5. Let q(x) = -x**2 + x - 4. Let m(z) = 2*a(z) - 3*q(z). Suppose 2*j + 2 - 6 = 0. Calculate the remainder when 44 is divided by m(j).
12
Suppose -51 = -5*s - 2*f, 3*s - 4*f = s + 6. What is the remainder when 60 is divided by s?
6
Suppose -237 = -5*f + r, 0 = -3*f + f - 3*r + 88. Let v = -30 + f. What is the remainder when 45 is divided by v?
11
Suppose 0 = 8*w - 2134 + 654. What is the remainder when w is divided by 17?
15
Let l = -29 - -40. Suppose -172 = 2*m + 3*m - 3*b, -b + 139 = -4*m. What is the remainder when (15/(-25))/(1/m) is divided by l?
10
Suppose v + 4*x = 51, 3*x - 30 = -21. Calculate the remainder when 1128 is divided by v.
36
Let k(d) be the first derivative of 2*d**2 - 13*d + 1. What is the remainder when k(12) is divided by 0/(0 - 2) - -12?
11
Suppose -3*j = j - 12. Let f(l) = 7 + 2*l**j - 4*l + 2 - 5*l**2 - l**3. What is the remainder when 81 is divided by f(6)?
18
Let c = 31 - 24. Let i be 4 - (6/(-2) + 3). Suppose 2*x - 43 = -3*q, -2*x = i*q + 24 - 64. What is the remainder when x is divided by c?
5
Let f = -93 - -56. Let z = -26 - f. What is the remainder when 42 is divided by z?
9
Let h(d) = d**2 - 10*d + 11. Let c be h(9). Suppose -2*k - c*k = -5*f - 22, 3*k + 1 = -5*f. What is the remainder when 3 is divided by k?
0
Let a(n) = 3*n**3 - n**2 + n. Let g be a(1). Calculate the remainder when (g + -46)*(-3)/3 is divided by 11.
10
Let j = -86 + 366. Suppose -6*t = -2*t - j. What is the remainder when t is divided by 36?
34
Suppose 0 = 9*a + 528 - 7872. Calculate the remainder when a is divided by 21.
18
Let v(x) = -x**3 - 5*x**2 - 6*x + 2. Let b be v(-3). Let q(k) = 2*k**2 - 1. What is the remainder when (b/6)/((-5)/(-735)) is divided by q(-3)?
15
Let k be 864/40 - 1*2/(-5). Suppose -k = -6*p + 56. What is the remainder when 25 is divided by p?
12
Let j be 1 - -1 - -1 - (-585)/45. Suppose 4*g = -j, 8*k - 5*g - 145 = 3*k. What is the remainder when 47 is divided by k?
22
Calculate the remainder when (243/(-54))/((-3)/304) is divided by 51.
48
Let s(r) = 20*r - 881. Calculate the remainder when s(51) is divided by 56.
27
Let b = 23 - 23. Suppose 4*q - 6*r = -3*r + 61, b = 4*q + 2*r - 46. Suppose -4*a + 15 = -185. What is the remainder when a is divided by q?
11
Let d(f) = -7*f + 2. Let t be d(14). Let q = -62 - t. Calculate the remainder when q is divided by 18.
16
Suppose 4*w + 53 + 127 = -5*k, -145 = 3*k - 5*w. Let c = k + 144. What is the remainder when c is divided by 54?
50
Suppose 2*s - 6*s + 240 = -4*p, -5*s + 3*p + 290 = 0. What is the remainder when s is divided by 7?
6
Calculate the remainder when 2894/46 - 10/(-115) is divided by 14.
7
Let z(p) = 27*p**2 - p. Suppose -2962 - 2330 = -49*i. Calculate the remainder when i is divided by z(-1).
24
Let n(i) = 0*i**2 - i - 4 - i**2 - 8*i - 1. What is the remainder when 37 is divided by n(-6)?
11
Let y be 216/16 + (-1)/(-2). Suppos